te z(-20).
-90
Let w(o) = -3*o**2 + 3171*o + 51499. Give w(-16).
-5
Let s(u) = 1581*u - 16000. What is s(10)?
-190
Let d(h) = 24267*h + 1019212. Calculate d(-42).
-2
Let l(p) = -2*p**3 - 91*p**2 - 522*p + 22. Calculate l(-7).
-97
Let u(f) = -98*f**2 - 2471*f - 308. What is u(-25)?
217
Let i(d) = -12*d**2 - d - 39. Determine i(-4).
-227
Let u(p) = p**3 + 67*p**2 - 51*p + 72. Determine u(-68).
-1084
Let b(h) = -27518*h**2 + h - 14. Give b(0).
-14
Let c(w) = -5653*w + 237376. Calculate c(42).
-50
Let g(h) = -h**3 - 12*h**2 - 1128*h - 2218. Calculate g(-2).
-2
Let p(a) = -14123*a - 56488. Determine p(-4).
4
Let a(h) = 4*h**2 + 10983*h + 54842. Give a(-5).
27
Let n(p) = 6*p**2 + 2003*p + 37503. Calculate n(-314).
137
Let u(o) = 9*o**3 + 243*o**2 + 52. Calculate u(-27).
52
Let c(z) = 5124*z + 51183. What is c(-10)?
-57
Let y(w) = -2*w**3 + 95*w**2 - 994*w + 50. Determine y(32).
-14
Let z(c) = 2*c**3 + 34*c**2 - 84*c + 44. Calculate z(-19).
196
Let z(n) = n**2 + 2111*n - 1856369. Determine z(668).
3
Let x(q) = -10*q**3 + 271*q**2 - 1190*q + 31394. Calculate x(27).
-7
Let r(u) = -2690*u + 91493. What is r(34)?
33
Let k(l) = 156*l + 7952. What is k(-55)?
-628
Let b(n) = -8*n**3 - 26*n**2 - 37231*n - 111670. What is b(-3)?
5
Let j(x) = 18*x - 1437. Determine j(59).
-375
Let m(l) = -2151*l + 1133584. Determine m(527).
7
Let p(f) = 67509*f - 14. Give p(0).
-14
Let q(x) = -3*x**3 + 200*x**2 - 985*x - 3177. Determine q(61).
-5
Let v(f) = 8032*f - 1558210. Determine v(194).
-2
Let k(f) = -f**3 - 101*f**2 + 281*f + 7707. Give k(-103).
-18
Let k(g) = -3*g**2 - 1148*g + 17963. Determine k(-398).
-345
Let h(p) = 45*p**3 - 28811*p**2 + 7041*p - 648. Calculate h(640).
-8
Let p(w) = -w**3 + 231*w**2 + 3698*w + 41. What is p(-15)?
-79
Let f(o) = 194*o**3 - 10*o**2 + 158*o - 310. Calculate f(2).
1518
Let d(h) = -25*h**2 - 437*h + 114. What is d(-18)?
-120
Let l(k) = 187*k**2 - 23383*k + 996. Give l(125).
-4
Let i(n) = -2*n**3 - 12*n**2 + 10478*n + 52449. Give i(-5).
9
Let i(d) = -6871*d**2 - 75567*d - 27. Calculate i(-11).
-181
Let o(l) = -2*l**3 + 14*l**2 + 61179*l - 367148. Determine o(6).
-2
Let m(b) = -b**2 - 231*b - 695. Give m(-3).
-11
Let f(z) = -30033*z + 1. Give f(0).
1
Let x(d) = -6*d**3 - 32*d**2 + 58*d + 51. Give x(-8).
611
Let d(r) = r**3 + 7134*r - 28605. Determine d(4).
-5
Let x(g) = 6*g**2 + 303*g + 358. Give x(-50).
208
Let m(q) = 9*q**3 + 134*q**2 - 531*q - 7700. Give m(-15).
40
Let y(a) = -15*a**3 - 8*a**2 + 16*a - 46. Calculate y(6).
-3478
Let r(m) = -m**3 - 644*m**2 + 5612*m + 258219. Give r(-652).
27
Let h(n) = n**3 + 30*n**2 + 256*n + 1073. Give h(-20).
-47
Let n(l) = l**3 + 12*l**2 + 319*l + 2287. Calculate n(-8).
-9
Let g(o) = -2*o**3 - 32*o**2 - 26*o - 401. What is g(-16)?
15
Let s(j) = j**3 - 219*j**2 - 1694*j - 781. What is s(-7)?
3
Let p(q) = 4*q**2 + 30*q - 21882. Determine p(-76).
-1058
Let g(f) = 6*f**3 - 55*f**2 - 11*f + 30. Calculate g(9).
-150
Let c(v) = -8*v**3 - 17*v**2 - 123*v + 242. Calculate c(2).
-136
Let o(y) = -9*y**2 + 84*y + 6563. What is o(32)?
35
Let p(k) = -30*k**3 + 9269*k**2 + 312*k - 943. What is p(309)?
-16
Let u(s) = 47105*s - 282663. Determine u(6).
-33
Let l(r) = -2312*r - 545634. Determine l(-236).
-2
Let k(v) = -28740*v + 57470. What is k(2)?
-10
Let l(s) = s**3 + 515*s**2 - 745*s - 908517. Determine l(-513).
6
Let s(x) = -4536*x**3 - 23*x**2 - 20*x + 5. Calculate s(-1).
4538
Let j(o) = 299*o**2 + 1922*o + 5. What is j(-6)?
-763
Let i(k) = -14043*k + 70148. What is i(5)?
-67
Let y(f) = 55*f**3 + 13*f**2 + 33*f - 1. Calculate y(-3).
-1468
Let i(g) = 254*g + 12589. What is i(-47)?
651
Let y(c) = 43*c**2 - 5760*c - 6086. Determine y(135).
-11
Let a(s) = -2*s**3 - 26*s**2 + 2158*s + 11187. Determine a(-5).
-3
Let j(r) = r**3 + 99*r**2 - 2244*r - 347. What is j(-118)?
-111
Let i(g) = -2*g**2 - 118*g + 4443. Calculate i(-85).
23
Let d(l) = 7*l**3 - l**2 + 20*l - 25. What is d(4)?
487
Let v(k) = -47*k**2 + 5877*k - 210. Calculate v(125).
40
Let t(w) = 9872*w - 10039. Determine t(1).
-167
Let r(x) = 16199*x + 1133897. Calculate r(-70).
-33
Let h(o) = -o**3 + 68*o**2 + 549*o - 54413. Calculate h(63).
19
Let j(z) = 192*z**2 + 9649*z - 7303. Calculate j(-51).
-10
Let t(q) = 15*q**2 + 252*q + 686. Determine t(-13).
-55
Let w(b) = 5*b**2 - 137*b + 715. What is w(7)?
1
Let q(n) = 1214*n**2 - 43706*n + 62. Calculate q(36).
-10
Let d(w) = -26*w**2 - 1096*w - 1098. Determine d(-1).
-28
Let b(i) = -i**3 + 7*i**2 + 59*i - 112. Give b(-10).
998
Let t(u) = 251910*u + 6045815. Determine t(-24).
-25
Let g(q) = -541*q**2 + 1707*q - 249. Give g(3).
3
Let l(h) = -2357*h + 23415. Give l(10).
-155
Let f(h) = 22*h**3 - 96*h**2 - 377*h + 15. What is f(7)?
218
Let a(y) = -315*y**3 + 2*y**2 - 1048*y + 1046. Give a(1).
-315
Let x(r) = 147*r**2 + 1424*r - 63. Give x(-10).
397
Let w(k) = 663*k + 21286. Determine w(-33).
-593
Let y(o) = -146*o**2 - 1526*o - 674. Determine y(-10).
-14
Let o(i) = 5*i**2 + 1009*i + 783. What is o(-200)?
-1017
Let r(i) = -i**3 - 35*i**2 + 5391*i + 151. Calculate r(58).
-23
Let t(o) = 58*o**2 + 310*o - 2341. What is t(7)?
2671
Let c(n) = 5*n**2 - 1206*n + 16962. What is c(15)?
-3
Let f(x) = -91*x + 3690. Determine f(39).
141
Let v(i) = -i**2 + 71188*i + 1851572. Give v(-26).
8
Let s(y) = y**2 - 410*y + 32242. Give s(106).
18
Let v(n) = -n**3 - 21*n**2 + 855*n + 16962. Calculate v(-19).
-5
Let s(u) = 14912*u - 1565708. What is s(105)?
52
Let r(y) = -y**2 + 162*y + 2880. What is r(-16)?
32
Let l(w) = -2*w**3 + 5*w**2 + 288*w - 1367. What is l(8)?
233
Let h(t) = -660*t - 14883. What is h(-23)?
297
Let q(a) = -204*a**2 - 2032*a + 59. Determine q(-10).
-21
Let y(w) = -w**2 - 388*w + 126351. What is y(211)?
-38
Let f(b) = -b**3 + 47*b**2 - 238*b + 1169. Determine f(42).
-7
Let u(m) = m**3 + 76*m**2 - 395*m + 22598. Calculate u(-84).
-670
Let z(x) = 84534*x - 63654106. What is z(753)?
-4
Let o(b) = 2188*b + 695719. What is o(-318)?
-65
Let d(b) = -299*b + 51439. Give d(172).
11
Let j(i) = -86*i**2 - 22536*i - 871. Give j(-262).
177
Let f(d) = -65402*d + 36755924. Determine f(562).
0
Let t(v) = -2*v**3 - 14*v**2 - 53*v - 97. Determine t(-10).
1033
Let k(o) = -3*o**3 + 6*o**2 - 1574*o - 7890. Give k(-5).
505
Let l(i) = -3*i**2 + 86*i - 498. Give l(8).
-2
Let m(b) = -8*b**3 + 57*b**2 + 293*b + 517. What is m(11)?
-11
Let t(z) = -55843*z - 1172713. Determine t(-21).
-10
Let n(x) = -553*x + 3263. What is n(6)?
-55
Let i(w) = -2*w**3 + 48*w**2 + 51*w + 7. Give i(25).
32
Let u(l) = 93686*l - 93689. Calculate u(1).
-3
Let p(h) = -h**2 - 1251*h + 126524. Calculate p(94).
94
Let p(u) = 20150*u + 382845. Determine p(-19).
-5
Let g(d) = d**3 + 36*d**2 + 283*d - 137. What is g(-22)?
413
Let c(g) = 263844*g + 263841. What is c(-1)?
-3
Let o(c) = -704*c + 1205. Determine o(2).
-203
Let b(d) = d**2 + 264*d + 18572. Calculate b(-113).
1509
Let z(g) = g**2 - 721*g + 35995. Determine z(51).
1825
Let h(c) = -106*c**2 + 728*c - 29. Give h(7).
-127
Let z(g) = 8*g**3 - 50*g**2 - 76*g + 250. Determine z(7).
12
Let j(b) = -5332*b + 27082. What is j(5)?
422
Let k(v) = 184*v**2 - 1921*v - 1113. Give k(11).
20
Let f(u) = u**3 + 5*u**2 - 108*u + 617. Calculate f(-15).
-13
Let i(r) = -198*r - 10885. Give i(-55).
5
Let v(t) = 75*t**2 - 1465*t - 12615. What is v(26)?
-5
Let h(s) = -54*s**3 - 5396*s**2 + 612*s + 21205. What is h(-100)?
5
Let q(h) = -h**3 + 606*h**2 + 4833*h + 48495. Calculate q(614).
-11
Let h(g) = -419*g - 29996. Calculate h(-72).
172
Let v(q) = 193884*q + 387732. Calculate v(-2).
-36
Let v(q) = -3160*q**2 + 259131*q - 908. Calculate v(82).
-6
Let b(t) = -t**3 - 240*t**2 - 4801*t - 176. Calculate b(-22).
-66
Let c(n) = 432*n**3 + 178*n + 174. Calculate c(-1).
-436
Let g(i) = -39*i**3 - 7684*i**2 - 209*i - 2390. Give g(-197).
-26
Let y(g) = 5*g**2 + 627*g - 10437. Determine y(-140).
-217
Let g(m) = 97224*m - 680617. Give g(7).
-49
Let o(l) = -144*l**3 + l**2 + 83*l + 150. Determine o(-2).
1140
Let y(o) = -3*o**2 - 388*o - 8974. Calculate y(-29).
-245
Let x(t) = -19*t**2 + 565*t + 2045. Give x(33).
-1
Let h(n) = -360119*n + 2160716. Calculate h(6).
2
Let i(w) = -918*w - 36847. Determine i(-40).
-127
Let v(j) = -60025*j - 360147. What is v(-6)?
3
Let o(z) = 2*z**3 + 19*z**2 - 2556*z + 5028. What is o(2)?
8
Let o(s) = s**2 - 681*s + 10307